
7, 257
What are the prime factors of 1136?
2, 71
List the prime factors of 380.
2, 5, 19
What are the prime factors of 9780?
2, 3, 5, 163
What are the prime factors of 330?
2, 3, 5, 11
What are the prime factors of 11738?
2, 5869
List the prime factors of 83352.
2, 3, 23, 151
What are the prime factors of 87798?
2, 3, 14633
List the prime factors of 1439.
1439
What are the prime factors of 17000?
2, 5, 17
What are the prime factors of 148632?
2, 3, 11, 563
What are the prime factors of 50595?
3, 5, 3373
What are the prime factors of 509?
509
What are the prime factors of 19917?
3, 2213
What are the prime factors of 139761?
3, 53, 293
What are the prime factors of 13078?
2, 13, 503
List the prime factors of 102755.
5, 20551
What are the prime factors of 185?
5, 37
What are the prime factors of 27683?
19, 31, 47
What are the prime factors of 2629?
11, 239
List the prime factors of 13735.
5, 41, 67
List the prime factors of 694.
2, 347
What are the prime factors of 105680?
2, 5, 1321
List the prime factors of 11976.
2, 3, 499
List the prime factors of 11376.
2, 3, 79
List the prime factors of 12530.
2, 5, 7, 179
List the prime factors of 12726.
2, 3, 7, 101
List the prime factors of 1584.
2, 3, 11
What are the prime factors of 53122?
2, 26561
List the prime factors of 816.
2, 3, 17
List the prime factors of 6655.
5, 11
List the prime factors of 575.
5, 23
List the prime factors of 34352.
2, 19, 113
List the prime factors of 64387.
31, 67
List the prime factors of 7479.
3, 277
What are the prime factors of 248?
2, 31
What are the prime factors of 11334?
2, 3, 1889
What are the prime factors of 956?
2, 239
What are the prime factors of 2713?
2713
List the prime factors of 5553.
3, 617
List the prime factors of 1306.
2, 653
What are the prime factors of 1641?
3, 547
What are the prime factors of 27?
3
What are the prime factors of 2609?
2609
What are the prime factors of 3387?
3, 1129
What are the prime factors of 1610?
2, 5, 7, 23
What are the prime factors of 32159?
32159
What are the prime factors of 97155?
3, 5, 17, 127
List the prime factors of 17177.
89, 193
List the prime factors of 6660.
2, 3, 5, 37
List the prime factors of 24.
2, 3
List the prime factors of 21468.
2, 3, 1789
List the prime factors of 5289.
3, 41, 43
List the prime factors of 120534.
2, 3, 20089
What are the prime factors of 8046?
2, 3, 149
What are the prime factors of 26241?
3, 8747
List the prime factors of 6705.
3, 5, 149
List the prime factors of 88398.
2, 3, 1637
What are the prime factors of 9305?
5, 1861
List the prime factors of 3953.
59, 67
List the prime factors of 17969.
7, 17, 151
List the prime factors of 8410.
2, 5, 29
List the prime factors of 1138.
2, 569
List the prime factors of 34931.
13, 2687
List the prime factors of 2078.
2, 1039
What are the prime factors of 9213?
3, 37, 83
What are the prime factors of 947?
947
List the prime factors of 3364.
2, 29
What are the prime factors of 4672?
2, 73
What are the prime factors of 2523?
3, 29
What are the prime factors of 2246?
2, 1123
List the prime factors of 11922.
2, 3, 1987
List the prime factors of 35883.
3, 443
What are the prime factors of 2341?
2341
List the prime factors of 23726.
2, 11863
List the prime factors of 16253.
16253
List the prime factors of 32105.
5, 6421
What are the prime factors of 1448?
2, 181
What are the prime factors of 51755?
5, 11, 941
List the prime factors of 216.
2, 3
What are the prime factors of 47975?
5, 19, 101
What are the prime factors of 1587?
3, 23
What are the prime factors of 5218?
2, 2609
List the prime factors of 26058.
2, 3, 43, 101
List the prime factors of 3873.
3, 1291
What are the prime factors of 63731?
101, 631
What are the prime factors of 4149?
3, 461
List the prime factors of 101808.
2, 3, 7, 101
What are the prime factors of 910?
2, 5, 7, 13
List the prime factors of 42206.
2, 47, 449
List the prime factors of 4898.
2, 31, 79
List the prime factors of 735.
3, 5, 7
What are the prime factors of 254?
2, 127
List the prime factors of 1388.
2, 347
What are the prime factors of 34073?
13, 2621
List the prime factors of 11500.
2, 5, 23
What are the prime factors of 6346?
2, 19, 167
What are the prime factors of 851?
23, 37
What are the prime factors of 133549?
13, 10273
List the prime factors of 1910.
2, 5, 191
List the prime factors of 6815.
5, 29, 47
What are the prime factors of 1330?
2, 5, 7, 19
List the prime factors of 9018.
2, 3, 167
What are the prime factors of 1074?
2, 3, 179
What are the prime factors of 2962?
2, 1481
List the prime factors of 2604.
2, 3, 7, 31
What are the prime factors of 97525?
5, 47, 83
List the prime factors of 65979.
3, 7331
What are the prime factors of 82977?
3, 17, 1627
List the prime factors of 3191.
3191
What are the prime factors of 31056?
2, 3, 647
List the prime factors of 61338.
2, 3, 10223
What are the prime factors of 31069?
31069
What are the prime factors of 2485?
5, 7, 71
List the prime factors of 5543.
23, 241
What are the prime factors of 1143?
3, 127
What are the prime factors of 4343?
43, 101
List the prime factors of 1224.
2, 3, 17
What are the prime factors of 7681?
7681
List the prime factors of 32521.
17, 1913
List the prime factors of 1010.
2, 5, 101
What are the prime factors of 14505?
3, 5, 967
List the prime factors of 85511.
233, 367
List the prime factors of 31510.
2, 5, 23, 137
What are the prime factors of 5604?
2, 3, 467
List the prime factors of 353.
353
What are the prime factors of 509?
509
What are the prime factors of 800?
2, 5
List the prime factors of 15551.
15551
List the prime factors of 6232.
2, 19, 41
List the prime factors of 2498.
2, 1249
What are the prime factors of 61574?
2, 17, 1811
List the prime factors of 2440.
2, 5, 61
List the prime factors of 2955.
3, 5, 197
What are the prime factors of 6281?
11, 571
List the prime factors of 1664.
2, 13
What are the prime factors of 11117?
11117
What are the prime factors of 32917?
32917
What are the prime factors of 101316?
2, 3, 8443
List the prime factors of 3541.
3541
What are the prime factors of 11628?
2, 3, 17, 19
What are the prime factors of 40?
2, 5
What are the prime factors of 8378?
2, 59, 71
What are the prime factors of 503?
503
What are the prime factors of 10842?
2, 3, 13, 139
What are the prime factors of 43800?
2, 3, 5, 73
What are the prime factors of 1444?
2, 19
What are the prime factors of 61113?
3, 13, 1567
What are the prime factors of 37275?
3, 5, 7, 71
List the prime factors of 1461.
3, 487
List the prime factors of 1904.
2, 7, 17
What are the prime factors of 296?
2, 37
List the prime factors of 49.
7
What are the prime factors of 9636?
2, 3, 11, 73
What are the prime factors of 813?
3, 271
What are the prime factors of 763?
7, 109
List the prime factors of 1817.
23, 79
List the prime factors of 68515.
5, 71, 193
List the prime factors of 2032.
2, 127
What are the prime factors of 76685?
5, 7, 313
List the prime factors of 4575.
3, 5, 61
List the prime factors of 4468.
2, 1117
What are the prime factors of 4207?
7, 601
List the prime factors of 1643.
31, 53
What are the prime factors of 2244?
2, 3, 11, 17
What are the prime factors of 580?
2, 5, 29
What are the prime factors of 4729?
4729
What are the prime factors of 63005?
5, 12601
What are the prime factors of 132105?
3, 5, 8807
List the prime factors of 510.
2, 3, 5, 17
What are the prime factors of 132893?
132893
List the prime factors of 4033.
37, 109
List the prime factors of 18134.
2, 9067
What are the prime factors of 11017?
23, 479
What are the prime factors of 893?
19, 47
What are the prime factors of 178129?
7, 25447
What are the prime factors of 28764?
2, 3, 17, 47
List the prime factors of 45221.
11, 4111
List the prime factors of 58701.
3, 17, 1151
List the prime factors of 1592.
2, 199
What are the prime factors of 108367?
7, 113, 137
What are the prime factors of 557?
557
List the prime factors of 915.
3, 5, 61
List the prime factors of 8580.
2, 3, 5, 11, 13
What are the prime factors of 828?
2, 3, 23
List the prime factors of 69888.
2, 3, 7, 13
List the prime factors of 155600.
2, 5, 389
List the prime factors of 19497.
3, 67, 97
List the prime factors of 1809.
3, 67
What are the prime factors of 126048?
2, 3, 13, 101
What are the prime f